ppose 0 = 5*h - 0 - 50. Let q be (h/4 - 3)*-8. Suppose -8*r = -u - 5*r + 119, q*u = -r + 528. What is the hundreds digit of u?
1
Let x be -6 - -1 - (-2 + -1113). Suppose -5*l + x = -1690. Suppose -120 + l = 2*s. What is the hundreds digit of s?
2
Suppose -14*m + 272889 = 39*m - 26*m. What is the units digit of m?
7
Suppose v - 1367 = 5*w, -3*v = -2*w - 6*v - 557. Let p(l) = -425*l - 1. Let t be p(-1). Let j = t + w. What is the units digit of j?
0
Let a be (20/(-16) + 2)*(-32)/(-6). Suppose f + 3308 = 5*f + c, -a*c = -16. What is the tens digit of f?
2
Suppose -5*q + 85*c - 80*c = -1680, q = -4*c + 356. What is the hundreds digit of 136/q + (-8316)/(-10)?
8
Suppose -4*f = d - 64611, 44*f - 16158 = 43*f - 2*d. What is the tens digit of f?
5
Let j be (-14)/(-98) + 1/((-7)/(-90)). Let k(c) = -c**3 + 22*c**2 + 38*c - 76. What is the hundreds digit of k(j)?
9
What is the thousands digit of (-19 + 14 - -2795)*(-9)/(-15)?
1
Let w(o) be the third derivative of o**5/30 - 19*o**4/24 - 2*o**3 + 19*o**2. Let u be w(15). What is the tens digit of (-1300)/(-18) - 34/u?
7
Let d(t) = -3*t**2 - 9*t - 68. Let g be d(-6). Let q = -123 - g. Let n(u) = 52*u**2 + 3*u + 4. What is the tens digit of n(q)?
5
Suppose 237 = y - 2*f, 0 = 4*f + 23 - 7. Suppose -4*x = -495 - y. What is the hundreds digit of x?
1
Suppose 2*a + 5 = i - 449, 0 = -5*a - 15. Suppose k + 4*m = i, 5*m = 2*k + 9*m - 892. What is the units digit of k?
4
Let n(c) = -112*c - 45. Let k be n(-6). Suppose k*w = 633*w - 1596. What is the hundreds digit of w?
2
Let a(z) = -2*z + z**2 + 29*z**3 - 1 + z + 2*z**2 - 2*z**2. Let t be a(1). Suppose -7*r = -6*r - t. What is the tens digit of r?
2
Let l = 10613 - 10273. What is the units digit of l?
0
Suppose -96152 = -4*a + 4*p, -4*a + 96154 = 3066*p - 3068*p. What is the hundreds digit of a?
0
Let c = -37 - -39. Suppose 3*g + p - 92 = 5*p, -g + c*p = -28. What is the units digit of (-9)/2*g/27*-12?
2
Suppose 35*r - 516 = -8*r. Suppose -5*o = -3*p - 5056, o - 15*p + r*p = 1016. What is the thousands digit of o?
1
Let d(a) = 2*a**3 - 12*a**2 - 41*a + 217. What is the hundreds digit of d(20)?
5
Suppose i - 4 = 0, -w - 3*i = -24 - 14. Suppose k + 11 = -2*q + 3*q, 2*q - 3*k = w. Let m = 120 - q. What is the hundreds digit of m?
1
Suppose 127*s - 145*s - 54 = 0. Let t be (2/(-3))/((-1)/117). Let x = s + t. What is the units digit of x?
5
Suppose -3*h - 24 = -4*c, 18 = 3*c - 6*h + 2*h. Let q(v) = v**3 + 7*v**2 - v - 7. Let o be q(-6). Let p = o + c. What is the tens digit of p?
4
Suppose 0 = 19*b - 46*b + 46602. What is the hundreds digit of b?
7
Suppose -b + 75678 = 132*w - 130*w, -5*w + 189195 = -2*b. What is the hundreds digit of w?
8
Suppose 5*w = -y - 2*y + 225, -4*w + 12 = 0. Let b = 5 + y. Suppose 10*r - 11*r = -b. What is the units digit of r?
5
Let y = 619 - 328. Let m = 384 - y. What is the tens digit of m?
9
Let r be (3 - 0)*(-30)/(-18). Suppose -6*h + r*d - 770 = -11*h, d + 314 = 2*h. What is the hundreds digit of h?
1
Let f(t) = 268*t + 2098. What is the units digit of f(-6)?
0
Let l(u) = -189*u**3 + 7*u**2 - 166*u - 924. What is the tens digit of l(-6)?
4
Suppose 4*j + 14957 = 3*p, 2*p + 2*j = 3*p - 4983. What is the thousands digit of p?
4
Suppose 3*r + 10 = 115. Let y be (1/10)/(1/18)*r. Let c = -9 + y. What is the units digit of c?
4
Let i = -302 + 299. What is the hundreds digit of (-3*2/3)/(i/363)?
2
Let r(b) = 35*b + 47. Let g be r(-1). What is the tens digit of -1390*(-3 - (-30)/g)?
9
Suppose -4*a - 11*a = -120. What is the units digit of (a + (-2 - -3 - 4))*1?
5
Suppose 3*i + 2*v - 5 = 0, 5*i + 4*v - 2 - 5 = 0. Suppose 0 = 4*u - i*u - 307. Let j = -127 + u. What is the tens digit of j?
8
Suppose -11*h = -3*h - 208. Let k = 26 - h. Suppose -3*p - 6*y + 2*y + 235 = 0, 3*y - 12 = k. What is the units digit of p?
3
Suppose 0 = -20*y + 89 + 131. Suppose y + 62 = x. What is the units digit of x?
3
What is the units digit of 12800 + 98/(-21)*(-15)/(-35)*-2?
4
Let r be (-3)/(-4)*(12/(-1))/(-3). Suppose -3*t + 4672 = 5*b, -r*b = -2*b + 4*t - 948. What is the tens digit of b?
3
Suppose 11*l - 20 = 35. Suppose f + 6 = -f, l*s - 273 = f. Let o = 71 + s. What is the tens digit of o?
2
Let t(k) = 2*k**2 - 7*k + 53. Let s be -3 + 6/(-15)*(8 + 2). What is the hundreds digit of t(s)?
2
Suppose -8316 = 124*w - 187*w. What is the units digit of w?
2
Suppose 3085 = 8*t - 3*t. Suppose 3*n + r = t, 3*r - 2*r = 5*n - 1039. Suppose -24 = 3*j - n. What is the tens digit of j?
6
Let v be (-10 + 5)*6/5. Let g(h) = -2*h**3 - 14*h**2 - 7*h + 6. Let m be g(v). What is the units digit of (128/m)/((-1)/3)?
6
Suppose 22 + 41 = 9*g. What is the hundreds digit of (4137/6)/g*(7 - -3)?
9
Suppose 5*g - 177469 = 9*j - 10*j, -j - 177481 = -5*g. What is the ten thousands digit of g?
3
Let z(x) = 4743*x - 6379. What is the hundreds digit of z(19)?
7
Let d(l) be the first derivative of -l**4 + 2*l**3 + 9*l**2 + 20*l - 310. What is the hundreds digit of d(-5)?
5
Let b be (-44750)/(-15) - -2*(-1)/(-3). What is the hundreds digit of b/28 - (-16)/(-28)?
1
Let o(p) = -13*p - 10. Let b(g) = -g. Let q(a) = 6*b(a) + o(a). Let z be q(-5). Suppose -z + 985 = 6*r. What is the units digit of r?
0
What is the thousands digit of (-45190)/(-4)*((-6)/(-3))/((-105)/(-42))?
9
Let p(j) = -3*j + 20*j**2 - 5 + 3 - 6. Let r be p(-8). Suppose -19*m + m + r = 0. What is the units digit of m?
2
Let u be 2574/15 - -1 - (-6)/(-10). Suppose 5*y = 23 + u. Let h = -15 + y. What is the tens digit of h?
2
Let m(x) = 201*x**3 - 2*x**2 - 95*x + 710. What is the ten thousands digit of m(7)?
6
Suppose -10*b + 9*b - 8110 = 0. What is the hundreds digit of 7 + b/(-15) + 2/6?
5
Let r(m) = -m**2 + 16*m + 3. Let c be r(16). Let k be (-5 - -2)/c*-1. What is the tens digit of (k - -49) + (-1 - 0/1)?
4
Let p(m) be the first derivative of -62*m**2 - 78*m - 111. What is the units digit of p(-9)?
8
Suppose -12*d = 73 + 71. Let n(l) = -37*l + 374. What is the tens digit of n(d)?
1
Suppose -363*l = -361*l + 32. What is the units digit of l/(-4) - (-1164)/3?
2
Let o(r) = 5*r**2 - 230*r + 8442. What is the tens digit of o(35)?
1
Suppose 2*t + 613 = 1623. Suppose -58*c = -59*c + t. What is the hundreds digit of c?
5
Let m = -173 + -502. Let a = m + 396. What is the units digit of 1/(a/141 - (-3 - -1))?
7
Let f(j) = -1826*j + 1469. What is the units digit of f(-5)?
9
What is the thousands digit of 2378*(-5)/40*-4 - -8?
1
Let y be (-279)/124 + ((-3)/4)/(-3). What is the hundreds digit of 0/((-6)/(-2)) + 1031 + y?
0
Let n(r) = 804*r**2 + 376*r - 3404. What is the hundreds digit of n(9)?
1
Let m(q) = q**2 - 154*q - 3099. What is the tens digit of m(-82)?
5
Let p be 11/((-11)/670) + 6 + 4. Let z = 859 + p. What is the hundreds digit of z?
1
Let d(n) = -1072*n + 617. What is the tens digit of d(-4)?
0
Let p(g) = -g**3 + 26*g**2 + 8*g + 3. Let n be p(26). Let u = 442 - n. What is the units digit of u?
1
Let z = -18963 - -24899. What is the thousands digit of z?
5
Suppose -506*n + 500*n + 18 = 0. Suppose n*m + 1014 = 9*m. What is the tens digit of m?
6
Suppose 3*z - 4*k - 5011 = 0, -5*z + 3687 = -k - 4642. What is the thousands digit of z?
1
Suppose 3 = n - 7. Let r = -11 - -4. What is the tens digit of 2 + 33 + r + n?
3
Suppose 23*k = 19*k - 3*y + 26, 5*y = 4*k - 10. Suppose 909 = n - 3*t, 0*n - k*n = -3*t - 4581. What is the hundreds digit of n?
9
Suppose -2*u - 3*x + 1514 = 0, -3*u + 4*x = 3*x - 2260. Let z = u + -366. What is the tens digit of z?
8
What is the tens digit of (-44210)/(-4)*(-4)/(-170)*34?
4
Suppose -11*j - 98924 = -13*j. What is the tens digit of j/84 + 1/6?
8
Let n(d) = -6*d**3 - 4*d**2 - 5*d + 7. Let x be 15/(-5) + 6/(-3). What is the hundreds digit of n(x)?
6
Suppose 26131 = -15*i + 22*i. What is the hundreds digit of i?
7
Suppose 14*s = 6*s. Suppose -t + s*t + 96 = 0. What is the units digit of 358/12 - (-16)/t?
0
Suppose -10227 = -5*f + 34548. What is the units digit of f?
5
What is the tens digit of 4110/(-4)*(-5 + (-42)/(-14))?
5
Suppose 969*n + 1189248 = 1017*n. What is the ten thousands digit of n?
2
Suppose -2*j + 3*s + 549 = 0, 9*j = 6*j - 2*s + 791. Suppose -f + a = -279, 0*f + 3*a - j = -f. What is the units digit of f?
6
Suppose -33*h = -18*h - 270. Let o(p) = -p**2 - 15*p - 17. Let q be o(-13). Let w = h - q.